3 + 2*o**2 + o. Let v be p(7). Let g be (-88)/(-12) + 1/v. Calculate the highest common factor of 35 and g.
7
Let s(w) = w**2 + 7*w - 39. Suppose i - 15 = -7. Let g be s(i). Calculate the highest common factor of g and 27.
27
Let y(m) = -19*m - 5. Let i be y(-9). Let c = 185 - i. Suppose 5*q = s + 281, 49 = -2*q + 3*q - 2*s. What is the greatest common divisor of q and c?
19
Let x = 1181 + -1094. Calculate the highest common divisor of 841 and x.
29
Suppose 2 = -x + 40. Let m = 274 + -179. What is the greatest common factor of x and m?
19
Let r = -413 - -230. Let w = r - -278. What is the highest common factor of 38 and w?
19
Let h = 131 - 146. Let x be 42/4*(4 - 100/h). What is the highest common factor of 32 and x?
16
Let p = -89 + 92. Let q(g) = 7*g. Let s be q(p). What is the highest common factor of 6 and s?
3
Let m be (3 + 3)/(16/(-88)*-1). Calculate the greatest common divisor of m and 165.
33
Let j = -3 + 5. Suppose j*y - 4*y = -4. Suppose d - 4*q = 5*d - 64, 3*q = -12. Calculate the greatest common factor of y and d.
2
Let c(d) = 2*d**2 - 11*d + 9. Let h be c(10). Suppose -7*x = 2*x - h. What is the highest common factor of x and 88?
11
Let o = 1035 + -1007. Calculate the greatest common factor of o and 105.
7
Let p be 9 - (-6 + 7 + -2). Suppose -3*s - 189 = -p*s. Calculate the greatest common divisor of s and 81.
27
Let k be (4/5)/(1/5). Let p be (k - 2) + -4 + 37. Suppose 4*i - i - 30 = -3*z, -4*z + p = 5*i. Calculate the greatest common divisor of z and 10.
5
Suppose -4*r + 181 + 135 = 4*g, 59 = g + 5*r. Let p be (-6)/(-8) + (-11)/4. Let u be (-23)/p - 3/(-6). Calculate the highest common divisor of u and g.
12
Let o be 8 - 4 - (-91 - 210/(-15)). Let f(b) = 54*b**2. Let m be f(1). Calculate the greatest common factor of m and o.
27
Let v = 70 + -59. What is the highest common factor of 22 and v?
11
Let d = 1167 - 1099. What is the greatest common factor of d and 4?
4
Suppose 7*x - 137 = 87. Let y be x/(-6) + 5 + 8/6. What is the greatest common factor of 2 and y?
1
Let i(m) = -5*m**3 + m**2 - 2. Let c be i(-2). Let b(a) = -64*a**3 + 2*a**2 + 3*a. Let r be b(-1). Calculate the greatest common factor of c and r.
21
Let b(i) = -5*i**2 - 3*i + 2. Let c be b(1). Let m be ((-2)/c)/(35/(-12) - -3). Calculate the greatest common divisor of m and 12.
4
Suppose 3*f + 2*r - 18 = 0, 4*f - 4*r - 29 = -5*r. What is the highest common divisor of 94 and f?
2
Let o be 4/(-104)*-4 - (-19433)/13. Suppose 503 = -8*x + o. Calculate the highest common divisor of 93 and x.
31
Let m be -2 - -1 - 73/(-1). Suppose 4*o - 18 = -2*o. Let a be 21 - 54/(-24)*(-4)/o. What is the greatest common divisor of m and a?
18
Let i = 687 + -665. What is the highest common factor of i and 594?
22
Suppose p - 42 = -40. What is the highest common divisor of 58 and p?
2
Let i(u) = u**2 + 9*u - 8. Let n be i(-10). Let q be (-8 - n)*(-232)/10. Let x = -73 + 102. What is the greatest common divisor of x and q?
29
Let z(y) = 10*y - 52. Let m be z(22). What is the greatest common factor of 48 and m?
24
Let i(p) = -2*p**2 - 5*p + 9. Let k be i(-5). Let u = 25 + k. Calculate the highest common factor of 81 and u.
9
Suppose 3*r = 2*r + 4*j + 9, 0 = -r + j + 24. Let g = r + 4. Let a be 55/g*(5 + 1). Calculate the highest common divisor of 50 and a.
10
Let z be ((-256)/(-12))/(1/3). Suppose 5*a - 165 = 5*u, -11*a - u - 97 = -14*a. What is the highest common factor of a and z?
32
Let n(p) = 20*p + 5. Let b be n(2). Calculate the greatest common factor of b and 36.
9
Suppose 2 = -4*i - 10, -3*q = -7*i - 8241. Calculate the greatest common factor of q and 20.
20
Let t be (-4 - -2) + 4 - (-67 - 0). What is the greatest common factor of 69 and t?
69
Suppose 102*k = 99*k + 198. What is the highest common divisor of 110 and k?
22
Let a = -345 + 356. What is the highest common factor of a and 44?
11
Suppose 23 + 35 = 5*d + 2*p, -p = 4*d - 47. Calculate the greatest common divisor of 108 and d.
12
Let c = 1 - 1. Let j = 72 - c. What is the highest common factor of j and 36?
36
Let r = 288 + -51. What is the highest common factor of 316 and r?
79
Let j(n) = -n + 11. Let o be j(5). Suppose z + 21 = 2*c - 3, 3*c - 4*z - 26 = 0. Let k = c + -10. What is the greatest common divisor of o and k?
2
Let u(a) = a - 5. Let z be u(-8). Let q = -7 - z. Calculate the greatest common divisor of 18 and q.
6
Let v = -46 - -6. Let t be 48/v*(-40)/6. Let n(b) = -2*b**3 + 4*b**2 + b + 1. Let u be n(-3). Calculate the greatest common factor of t and u.
8
Let i be (-3)/(-4) + (-954)/(-8). Let q be 403/31 + 0 + (-1 - 0). What is the highest common divisor of q and i?
12
Suppose s + 0*s - 267 = -d, d - 269 = -2*s. Calculate the greatest common divisor of d and 5.
5
Let b = 2722 + -2402. Calculate the highest common factor of b and 600.
40
Let m be -30*(-13 + (-156)/(-65)). Calculate the greatest common divisor of m and 12.
6
Suppose -4*h - 20 = -136. Suppose 0 = -3*c - 3*m + 7*m + 605, 4*c + 2*m - 814 = 0. What is the greatest common divisor of c and h?
29
Let j(d) be the first derivative of -5*d**4/2 - d**2/2 - d + 1. Let o be j(-4). Suppose -5*v = 148 - o. Calculate the highest common divisor of 11 and v.
11
Let l be (-130)/(-9) - 2*8/36. What is the highest common factor of l and 7?
7
Let m be (-5584)/(-28) + 8/14. Suppose 0 = 8*y - 0*y - m. Calculate the greatest common divisor of 25 and y.
25
Let f be (61/(-305))/((-1)/35). Suppose 5*d = d + 308. What is the highest common divisor of f and d?
7
Let o be 4*1/(-1) + (22 - 19). Let z be 2 - (o + -1) - -146. Calculate the greatest common divisor of 60 and z.
30
Suppose -b - 3 - 2 = 0. Let i(w) = -4*w + 7 + 4*w**3 - 5*w**3 + w. Let f be i(b). Calculate the highest common factor of f and 21.
21
Let c(u) = -3*u**2 - 75*u - 52. Let i be c(-24). Calculate the greatest common factor of 90 and i.
10
Let z(n) = -40*n - 955. Let o be z(-24). Let x be (-214)/(-6) - 4/6. What is the greatest common divisor of o and x?
5
Let u = -1 + 9. Suppose 0 = 2*j - 4*q - 36, -3*q + u*q = 5*j - 105. Let s be 166/7 + (-4)/(-14). What is the greatest common divisor of j and s?
24
Let f be (-375)/(-6)*(-140)/(-50). Calculate the greatest common factor of f and 35.
35
Let o be (((-1312)/(-20))/4)/((-6)/(-150)). What is the highest common divisor of o and 40?
10
Let s(b) = b**3 + 11*b**2 + 6*b - 13. Let t be s(-10). Let p = t - 25. Let v = p + 19. Calculate the greatest common divisor of 189 and v.
21
Suppose 3*g - 258 = -u, -4*u - 447 = -2*g - 3*g. Suppose 0*z + g = 3*z. Calculate the highest common factor of 116 and z.
29
Let q(j) = 17*j - 2. Let b be q(1). What is the highest common factor of 30 and b?
15
Suppose -5*x - 10 = 4*q, -2*q = -4*q - 5*x. Let z = q - -20. Let r be ((-36)/(-8))/((-2)/(-40)). Calculate the greatest common divisor of r and z.
15
Let n be ((-510)/20)/(1/2). Let j = 79 + n. Suppose 3*r + 10 = j. What is the greatest common divisor of r and 42?
6
Let c be (-4)/(-6)*(414 - 6). Calculate the highest common divisor of 340 and c.
68
Suppose -17*b + 381 + 1914 = 0. Calculate the greatest common factor of b and 90.
45
Let u = 6 + -3. Suppose o = u, -3*o + 54 = 2*n + 3. Suppose 2*c = 3*k + 29, c = -4*k + 5*k + 12. What is the highest common factor of c and n?
7
Let k(q) = q**2 + 13*q + 64. Let b be k(-8). Let c = 38 - -70. Let d = c - -12. Calculate the greatest common factor of d and b.
24
Let g be (-27 + 16)*252/(-33). Calculate the highest common divisor of g and 20.
4
Let l(v) be the second derivative of v**5/20 - v**4/2 - 2*v**3/3 + 5*v**2/2 - 2*v. Let f be l(7). Calculate the highest common factor of 104 and f.
26
Let z be (4/(-2))/((-22)/44). What is the greatest common divisor of z and 36?
4
Let i = 70 - 71. Let a be -3 - (-93)/12 - i/4. Suppose 3*g - 58 = 2*u + 49, 0 = -3*u - 3. What is the highest common factor of a and g?
5
Suppose 5*k - 155 = 5*x, -102 = -3*k + 2*x - 9. Let t = -50 - -391. Calculate the greatest common factor of t and k.
31
Suppose 0 = -3*a + 3*s + 132, -a + 191 = 3*a + s. Suppose -5*m - 3*q = -474 + 7, 0 = m + 2*q - 92. What is the highest common factor of a and m?
47
Let m(s) = -s**3 - 12*s**2 - s + 14. Let d be m(-12). Suppose 0 = -2*g - 3*k + 491, k = -g - d + 272. What is the highest common divisor of 13 and g?
13
Suppose 0 = -4*c - 2*m + 2